{"id":106,"date":"2017-11-29T15:27:14","date_gmt":"2017-11-29T15:27:14","guid":{"rendered":"http:\/\/test.jcconsult.se\/?page_id=106"},"modified":"2019-03-13T09:12:02","modified_gmt":"2019-03-13T09:12:02","slug":"konstruktion-och-utveckling","status":"publish","type":"page","link":"https:\/\/jcconsult.se\/?page_id=106","title":{"rendered":"Konstruktion och utveckling"},"content":{"rendered":"<p>Vi har erfarenhet av utveckling av s\u00e5v\u00e4l delar till brosystem som helt nya brosystem i st\u00e5l. Vi anv\u00e4nder moderna programvaror f\u00f6r CAD, ber\u00e4kning och konstruktion, t ex ramverksprogram och finita element analyser (FEM).<\/p>\n<p>Alla uppdrag utf\u00f6rs vanligen mot n\u00e5gon norm och vi \u00e4r vana att arbeta mot Eurokoder, AASHTO och milit\u00e4ra normer.<\/p>\n<p>Vi har naturligtvis konsultansvarsf\u00f6rs\u00e4kring enligt ABK 09.<\/p>\n","protected":false},"excerpt":{"rendered":"<p>Vi har erfarenhet av utveckling av s\u00e5v\u00e4l delar till brosystem som helt nya brosystem i st\u00e5l. Vi anv\u00e4nder moderna programvaror f\u00f6r CAD, ber\u00e4kning och konstruktion, t ex ramverksprogram och finita element analyser (FEM). Alla uppdrag utf\u00f6rs vanligen mot n\u00e5gon norm och vi \u00e4r vana att arbeta mot Eurokoder, AASHTO och milit\u00e4ra normer. Vi har naturligtvis &hellip; <\/p>\n<p class=\"link-more\"><a href=\"https:\/\/jcconsult.se\/?page_id=106\" class=\"more-link\">Forts\u00e4tt l\u00e4sa<span class=\"screen-reader-text\"> &#8221;Konstruktion och utveckling&#8221;<\/span><\/a><\/p>\n","protected":false},"author":1,"featured_media":151,"parent":0,"menu_order":0,"comment_status":"closed","ping_status":"closed","template":"","meta":{"footnotes":""},"class_list":["post-106","page","type-page","status-publish","has-post-thumbnail","hentry"],"_links":{"self":[{"href":"https:\/\/jcconsult.se\/index.php?rest_route=\/wp\/v2\/pages\/106","targetHints":{"allow":["GET"]}}],"collection":[{"href":"https:\/\/jcconsult.se\/index.php?rest_route=\/wp\/v2\/pages"}],"about":[{"href":"https:\/\/jcconsult.se\/index.php?rest_route=\/wp\/v2\/types\/page"}],"author":[{"embeddable":true,"href":"https:\/\/jcconsult.se\/index.php?rest_route=\/wp\/v2\/users\/1"}],"replies":[{"embeddable":true,"href":"https:\/\/jcconsult.se\/index.php?rest_route=%2Fwp%2Fv2%2Fcomments&post=106"}],"version-history":[{"count":1,"href":"https:\/\/jcconsult.se\/index.php?rest_route=\/wp\/v2\/pages\/106\/revisions"}],"predecessor-version":[{"id":107,"href":"https:\/\/jcconsult.se\/index.php?rest_route=\/wp\/v2\/pages\/106\/revisions\/107"}],"wp:featuredmedia":[{"embeddable":true,"href":"https:\/\/jcconsult.se\/index.php?rest_route=\/wp\/v2\/media\/151"}],"wp:attachment":[{"href":"https:\/\/jcconsult.se\/index.php?rest_route=%2Fwp%2Fv2%2Fmedia&parent=106"}],"curies":[{"name":"wp","href":"https:\/\/api.w.org\/{rel}","templated":true}]}}